hat is the greatest common divisor of 421 and i?
1
Suppose 37*d - 676 = -158. Suppose 2*u = -5*j + 2318, u - 269 - 197 = -j. What is the highest common divisor of d and j?
14
Suppose -59*q + 252003 = -183181. Calculate the greatest common divisor of q and 32.
16
Let s = -5710 + 9497. Calculate the greatest common factor of s and 14.
7
Let h be (-10)/(-25) + (-3 - (-38)/5). Suppose 4*n - 5*r - 377 = 0, -n - h*r = 4*n - 460. What is the greatest common divisor of 62 and n?
31
Suppose -31*j + 19*j = -3780. Suppose -j = 32*f - 41*f. Calculate the greatest common factor of 140 and f.
35
Let v be (3177/(-12) + 3)/(1/(-4)). Let u = v - 893. Calculate the greatest common divisor of u and 28.
14
Let q = 293 + -124. Let o = q + -57. Calculate the greatest common divisor of o and 84.
28
Suppose 10*a + 262 = 2*k + 12*a, 0 = -2*k + 2*a + 258. Calculate the greatest common divisor of 45 and k.
5
Suppose 594*t - 568*t = 3224. What is the greatest common factor of t and 6169?
31
Suppose -13987 + 32679 = 36*r - 30844. Calculate the highest common divisor of r and 258.
86
Let y = -89625 + 125556. What is the greatest common factor of y and 87?
87
Let l(c) = -c**2 + 11*c. Let g be l(11). Suppose g = 7*b - 6*b - 9. Let i(p) = 150*p + 451. Let j be i(-3). Calculate the highest common factor of b and j.
1
Suppose -28*x + 1936 = -1844. Calculate the greatest common divisor of 135 and x.
135
Suppose 10*d = 25*d - 1890. Let m be 7 + 0/(-13) - -5. What is the greatest common divisor of d and m?
6
Let p = 2878 + -2356. What is the greatest common factor of p and 609?
87
Let n be 12/(303/50 - 6). Let z(o) = -12*o - 4. Let w be z(-7). What is the greatest common divisor of w and n?
40
Let v be (-2)/8*(-512)/(-1408) - 2246/(-22). Suppose -c - 3*c = -24. Calculate the greatest common factor of v and c.
6
Let v = 10398 - 10216. What is the highest common factor of 494 and v?
26
Let i be 6/(-21) - (-23)/7. Suppose 0 = 5*c - i + 13. Let j(y) = -2*y**3 - y**2 + 2*y - 1. Let b be j(c). What is the greatest common factor of b and 7?
7
Suppose 0 = -4*x + 2*d + 1816, 0 = 3*x + 2*d - 274 - 1095. What is the greatest common divisor of 182 and x?
91
Suppose 5*h - 33 = -4*b, -66 = -0*b - 5*b + 2*h. Let j(z) = -z**3 - 3*z**2 + 11*z + 13. Let s be j(-5). What is the greatest common factor of b and s?
4
Let k = 21 - -1. Suppose 5*u = -4*g + 1430, 39*u - 3*g - 286 = 38*u. What is the greatest common divisor of u and k?
22
Let a be ((-16)/3 + 4)*-282. Suppose -a = 7*x - 15*x. Let j = -42 + x. What is the greatest common divisor of j and 1?
1
Suppose -26*k + 33*k = -168. Let z be (-12)/10*(272/k + 8). Calculate the greatest common factor of z and 128.
4
Let n = 11616 + -11596. Calculate the greatest common divisor of n and 220.
20
Suppose 2781 + 2559 = 178*v. What is the greatest common factor of 735 and v?
15
Suppose 4*k = -4*r + 664, -4*k + 3*r + 694 = r. Suppose k + 82 = 11*a. What is the highest common factor of a and 391?
23
Suppose -35*b + 4*n - 54 = -38*b, -3*b + n + 54 = 0. Calculate the greatest common factor of 558 and b.
18
Let m be 12/15*(-3)/12*-230. Suppose 3*a - m - 62 = w, 2*w = a - 196. Let x = w + 105. What is the highest common divisor of 81 and x?
9
Let u(a) = -a**3 - 21*a**2 + 21*a - 12. Suppose g = 3*g + 4. Let m be g/10 + 0 + 218/(-10). Let z be u(m). What is the highest common factor of z and 5?
5
Let v = -52 + 57. Suppose 0 = -6*g + 233 + 19. Suppose v*x - g = 28. Calculate the greatest common divisor of 98 and x.
14
Let c be (-104)/(-3)*(-105)/(-70). Suppose -2*g = -300 - c. What is the highest common factor of 22 and g?
22
Let b(x) = -27*x - 170 + 2*x**2 + 219 + 7*x. Let w be b(3). What is the highest common factor of 609 and w?
7
Let u(v) = v**3 + 9*v**2 + 6. Let b = 50 - 59. Let y be u(b). Let l(g) = 10*g - 55. Let q be l(y). Calculate the highest common factor of q and 25.
5
Let x = 369 - 440. Let p = 127 + x. What is the highest common divisor of 8 and p?
8
Let k be 66*(-2)/(-12)*3. Let h(t) = -3 + 129*t**2 + t**3 - 14*t + 54*t - 148*t**2. Let o be h(17). Calculate the highest common factor of o and k.
33
Suppose 3*r + 26*h - 237 = 23*h, -3*r + 245 = 5*h. Let o be 1/3 - (320/(-12) + -3). Calculate the greatest common factor of o and r.
15
Suppose 56 - 266 = -6*h. Suppose 0 = 2*b - b + 5, -24 = -2*x + 4*b. Let d be x - 1 - (-5 - 8). Calculate the highest common divisor of d and h.
7
Let r = 111 + -67. Let w = -713 - -724. Calculate the highest common divisor of r and w.
11
Let m = -224 - -236. Let n be (-2)/((-14)/12 - (-6)/m). What is the greatest common divisor of n and 39?
3
Suppose -4*u + 84 - 20 = 0. Let l = 18 - u. Suppose -2*b - l*b + 200 = 2*r, 4*r - 382 = b. Calculate the greatest common divisor of 12 and r.
12
Let u(b) = -41*b - 37. Let h be u(-3). Let y be h/4 + 18/12. What is the highest common factor of 368 and y?
23
Let t = 1 + 3. Suppose 0 = -h - t*s + 5, -6*h - 4*s = -2*h - 68. What is the highest common factor of 84 and h?
21
Suppose -33 = -s + 5*n, 2*n + 103 = 3*s + 4. Let c = -46 + s. Let m = c + 21. Calculate the greatest common divisor of m and 8.
8
Let g(r) = 99*r - 1081. Let j be g(11). Calculate the greatest common factor of 904 and j.
8
Let r(s) = 2*s**2 - 194*s + 876. Let b be r(118). What is the highest common factor of 144 and b?
72
Let m(l) be the first derivative of -l**2 + 6 + 6*l**2 - 73*l + 81*l. Let a be m(2). What is the greatest common divisor of a and 84?
28
Let p(t) = 40*t + 19. Let l be p(10). Let g(u) = 299*u**3 - 2*u**2 + u. Let o be g(1). Let r = l - o. What is the highest common divisor of 11 and r?
11
Suppose -41*n + 37*n - 1820 = 0. Let h = 850 + n. What is the greatest common divisor of 237 and h?
79
Let d = -150 - -663. Suppose 0 = -3*m - 5*x + d, -2*x - 318 - 216 = -3*m. Suppose 2*h = -0*h + m. What is the greatest common divisor of h and 8?
8
Let v = 342 + -187. Suppose 0 = -4*r + 14*q - 19*q + 15, -1 = -r - 4*q. Suppose r*s + 595 - 905 = 0. What is the highest common factor of s and v?
31
Let n = -738 - -198. Let c = n + 570. Calculate the highest common factor of c and 10.
10
Let g be ((-900)/126)/(22/(-231)). Calculate the highest common factor of g and 1275.
75
Suppose 2*c = 8*c + 6. Let l(q) = -38*q**3 - 2*q**2 - q - 1. Let x be l(c). Calculate the highest common factor of 4 and x.
4
Suppose 8*b - 41 = -17. Suppose 0 = 3*w + 15, 3*w - 8*w - 70 = -b*u. Calculate the greatest common factor of u and 10.
5
Let w = -44 + 35. Let s(l) = l**2 - l - 12. Let m be s(w). Suppose -a - 15 = -m. Calculate the highest common divisor of a and 42.
21
Let f = 830 + -994. Let d = f + 172. Suppose 4*v = -3*x + 33, 2*x = 4*x + 10. What is the highest common factor of d and v?
4
Suppose -55304*p - 13380 = -55309*p. Calculate the highest common factor of p and 12.
12
Suppose 0 = -l - 4*l + 150. Let a(q) = -4 + 572*q**2 + 4*q + 28 - 560*q**2. Let v be a(-3). What is the highest common factor of l and v?
30
Let d be (282/(-15))/((208/455)/(-16)). What is the greatest common factor of 188 and d?
94
Let r be -2 + 1 + (355 - 1). Let m = r + -166. Let s = 35683 + -35666. Calculate the greatest common divisor of m and s.
17
Suppose 3*x - 4*b = 1268, -b - b = 2*x - 822. Suppose -41 + 1 = -4*f + 24. Calculate the highest common factor of f and x.
16
Let m be 375 + (-2)/(4/(-2)). Let u = -5179 + 5226. Calculate the highest common factor of m and u.
47
Let c be (1 + 52)*(-1 - -20). Let a = -3808 + 3827. What is the greatest common factor of a and c?
19
Let m = 1 + 1. Let j(r) = -26*r - 493. Let z be j(-19). Calculate the highest common divisor of z and m.
1
Let k(t) = -20*t - 80. Let r be k(-10). Calculate the highest common divisor of 675 and r.
15
Suppose 22 = 15*b - 13*b. Suppose m - 21 = b. What is the highest common divisor of m and 208?
16
Let i be 21/(210/(-80)) - -6392. What is the greatest common factor of i and 57?
57
Suppose 3740 = 20*o + 35*o - 0*o. What is the greatest common factor of o and 3672?
68
Let h(u) = 107*u - 284. Let x be h(8). Let d = x + -374. Calculate the greatest common factor of 36 and d.
18
Let h(s) = -s**3 + 6*s**2 - 4*s - 17. Let m be h(4). Let p be (-29 - -30)/(m/25). Let c = p - -36. What is the greatest common factor of 88 and c?
11
Let k(l) = l**3 + 14*l**2 - 10*l + 99. Let i be k(-15). Let x(h) = -h 